Let p be (-18)/(8 - 5)*8/6. Let d(t) = -t**3 + 8*t**2 + 18*t - 6. What is the tens digit of d(p)?
7
Suppose 5*q = 3*c + 393, -3*q = -0*q + 3*c - 231. Suppose 11*l + 9 - 174 = 0. Suppose -13*r - q = -l*r. What is the units digit of r?
9
Suppose 38*m - 10488 = 15*m. Suppose d - m = -3*b, -d = -0*d - 3*b - 432. What is the units digit of d?
4
Let z(y) = 228*y + 23012. What is the units digit of z(0)?
2
Let p(h) = 16*h**2 + 31 - 71 + 44 - h + 11*h**2. What is the tens digit of p(-3)?
5
Suppose 0 = -31*l + 11868 + 2050748. What is the units digit of l?
6
Let c(y) = 4*y**3 - 15*y**2 + 13*y - 21. Suppose 13*o = 26*o - 78. What is the tens digit of c(o)?
8
Let l(f) = -f**3 - 7*f**2 + 11*f + 30. Let u be l(-8). What is the hundreds digit of u*(-8)/80*-870?
5
Suppose -2*r - 17 = -i, 3*r = 4*i + 7*r - 68. Let o = -13 + i. Suppose 3*g - o*l - 501 = 0, 4*g + 156 = -3*l + 824. What is the hundreds digit of g?
1
Suppose 41*g + 4*n - 11570 = 39*g, -11594 = -2*g + 4*n. What is the thousands digit of g?
5
Suppose 10*h - 11*h + 35392 = 15*h. What is the hundreds digit of h?
2
Let t(a) = -a**2 - 13*a + 39. Let x be t(-16). Let j be (x/6)/(2/(-4)). What is the units digit of 705/j + (-3 - (1 + -1))?
2
Suppose w - 1465 = -2*g, 3*g - g - 2*w - 1474 = 0. Let f = g + -445. Suppose -376 = -7*n + f. What is the tens digit of n?
9
Let i(x) = -2*x**3 + 65*x**2 - 30*x + 56. Let s be i(32). Suppose -31920 = 101*g - s*g. What is the units digit of g?
0
Suppose -2*u - 6 = 0, -30*s - 5*u + 19710 = -27*s. What is the units digit of s?
5
Suppose 9 = f - 2. Suppose 7*z = f*z - 16. Suppose 0 = z*n - 258 - 14. What is the units digit of n?
8
Suppose 315208 + 495511 = 91*r. What is the units digit of r?
9
Suppose -5*f - 3 = -4*z, 9*f - 10 = 7*f. Suppose 3*w - 36 = 15. Let i = z + w. What is the tens digit of i?
2
Suppose -5*x + 3*q + 5 = 0, -4*x - q + 6 = -15. Suppose 20 = x*k, -2*k + 392 = c - 5*k. Let z = c - 249. What is the hundreds digit of z?
1
Let l = -593 + 591. Suppose -4*q + 15 = p, -4*q = 5*p + 10 - 5. What is the units digit of p/(-10)*(2 + (l - -10))?
5
Suppose -1874*u = -1899*u + 242266 + 44859. What is the tens digit of u?
8
Let a(q) = -1 - 27*q**2 + 26*q**2 - 4*q**3 - q + 3*q - 2*q**3. What is the units digit of a(-3)?
6
Suppose -615*m + 143*m = -13450112. What is the thousands digit of m?
8
Suppose -3*c + 2*a + 77549 = 0, 70*c + 4*a + 129245 = 75*c. What is the units digit of c?
3
Suppose -3*l - 5*z + 34087 = 0, -166*z + 11365 = l - 163*z. What is the thousands digit of l?
1
Let h(t) = 246*t + 9751. What is the thousands digit of h(0)?
9
Let m(l) = 2*l**3 - 28*l**2 + 21*l + 259. What is the units digit of m(22)?
5
Suppose 34*z - 82785 - 173751 = -8*z. What is the units digit of z?
8
What is the hundreds digit of 8 - (195/390 - 35689/2)?
8
Let i(k) = k**3 + 5*k**2 - 7*k. Let n be -3*((-15)/(-25) + (-57)/45). Let a(x) = 6*x**2 - 6*x. Let s(y) = n*i(y) - 3*a(y). What is the tens digit of s(5)?
7
Let p(y) = -2*y**2 - 83*y + 10. Let c = 404 + -425. What is the tens digit of p(c)?
7
Let t(l) = -4*l**2 - 12*l - 8. Let h(w) = w**2 - w - 1. Let n(u) = 3*h(u) - t(u). Let m(o) = 2*o**2 - 13*o - 11. Let v be m(7). What is the units digit of n(v)?
1
Let p = -1379 - -2116. What is the tens digit of p?
3
Let z be (80/15 + -5)*6. Suppose 3*l + z*g - 6*g + 11 = 0, -3*l = -2*g + 1. What is the units digit of (-2)/l*16*-9?
6
What is the units digit of (184/(-16) - 9)*-498?
9
Suppose 3*d + 21*d - 6*d = 238140. What is the ten thousands digit of d?
1
Suppose s = 4*n - 5, 0*s + 125 = -5*s - 5*n. What is the units digit of -8*s/28 - -1184?
0
Let a be 0 + 0 + (-4)/2 + 1. Let m be a - -139*6/3. Let g = m + -143. What is the hundreds digit of g?
1
Let j be (-2)/(-5) - 77/55 - 3. Let v be (j/(-8))/(3/(-6))*-3. Suppose -5*w + 113 = -2*c, -3*w - v*c + 65 = -7*c. What is the tens digit of w?
2
Suppose -3*p - 3*w = -29 - 34, 5*p - 89 = 3*w. Suppose 5*c - 12312 = -p*c. What is the units digit of c?
3
Suppose 3*d - 16*v = -11*v + 17677, v = d - 5895. What is the thousands digit of d?
5
Let a(x) = -349*x + 136. Let y be a(5). Let w = -924 - y. What is the units digit of w?
5
Let r = -17 - -19. Let b = 42 + 46. What is the units digit of (1/r)/(92/b + -1)?
1
Suppose -282 - 4798 = 10*z. Let o = -94 - z. What is the hundreds digit of o?
4
What is the hundreds digit of (0 + 4)/16 - (7 + (-237741)/12)?
8
Suppose 39 = 4*c - 13. Let m be (c/(-5) + -1)/((-111)/370). Suppose 296 = -10*o + m*o. What is the units digit of o?
8
Let p = 179 + -97. Let r = -122 + p. Let n = -26 - r. What is the tens digit of n?
1
Let v(o) = -33*o - 58. Let h(a) = 1. Let i(y) = 5*h(y) - v(y). What is the hundreds digit of i(13)?
4
Let h = 33 - 9. Suppose 7*w + h = 13*w. Suppose -w*u + 8*u = 32. What is the units digit of u?
8
Suppose 62*i = 50*i - 24. What is the hundreds digit of (-2)/12 + i + (-7149)/(-18)?
3
What is the tens digit of 6 - (5 + -1 - 6)*(-11940)/(-8)?
9
Let s(d) be the first derivative of 75*d**2 - 209*d - 227. What is the hundreds digit of s(6)?
6
Suppose 14572 = 69*t - 66*t + 5*v, 4*v + 24188 = 5*t. What is the tens digit of t?
4
Let s = -37523 + 62767. What is the thousands digit of s?
5
Let f = -358 + 2566. Let u = f - 1463. What is the hundreds digit of u?
7
Let g(p) = -79 - 2*p + 3*p + 8*p + 28. Let w be g(6). Suppose -w*b - 68 = -4*b. What is the tens digit of b?
6
Suppose 5 + 334 = -n. Let y = n - -480. What is the units digit of y?
1
Suppose -4*r + 3*r + 7 = 2*n, -3*n = r - 6. Suppose 75 = -5*q + p - r, 3*q + 3*p + 36 = 0. Let m(g) = g**2 + 12*g + 23. What is the tens digit of m(q)?
8
Let v(o) be the first derivative of o**4/3 + o**3/3 + 5*o**2/2 - 11. Let a(u) be the second derivative of v(u). What is the units digit of a(4)?
4
Let h be (-7)/4 + (-8)/32. Let n be (-1)/h + (-1745)/(-10). Suppose -7*w + 791 - n = 0. What is the tens digit of w?
8
Suppose 102 = -6*b + 756. Let y = b + 172. Let s = -137 + y. What is the hundreds digit of s?
1
Suppose 2*k = -k + 141. Let n be (210/9)/(8/(-12)). Let p = k - n. What is the tens digit of p?
8
Suppose 15*k = -26*k. Suppose k = p + 2*w - 902, -2*p + w - 2*w = -1807. What is the tens digit of p?
0
Let y(p) = p**3 + 5*p**2 + 2*p - 1. Let f be y(-4). Suppose -f*b = -2*b. Suppose -3*g + 65 - 2 = b. What is the units digit of g?
1
Let r(s) = 84*s - 171. Let o be r(27). Suppose o = 10*y - 5*y - m, -m - 421 = -y. What is the tens digit of y?
1
What is the units digit of 19/(950/(-177260))*-5?
6
Suppose -f - 4*c = -6938, 3*f + 4*c - 14621 = 6177. What is the units digit of f?
0
Let d(k) = k. Let i(v) = -22*v + 58. Let o(s) = d(s) + i(s). What is the hundreds digit of o(-12)?
3
Let r = 34 - 79. Let u = r - -48. Suppose -u*l + 133 = 4*l. What is the tens digit of l?
1
Let c(n) = -2*n + 14. Let z be c(3). Suppose -z*m = -2*m - 24. Suppose 5*j = -5*o + 620, m*o - 2*j + 26 - 504 = 0. What is the units digit of o?
1
Suppose 979 = -5*d - 246. Let m = 10 - d. What is the units digit of m?
5
Suppose 103*q - 107*q + 1428 = 5*r, 3*r = 12. What is the units digit of q?
2
Suppose 9*t = -3*o + 110469, -16*o = -2*t - 14*o + 24530. What is the hundreds digit of t?
2
Suppose 3*p + 38*p - 1215072 = 5*p. What is the units digit of p?
2
What is the tens digit of (-2*(-38954)/40 + 228/760)*1?
4
Let g be 29 + (2/2)/1. Let a(q) = -q**3 - 10*q**2 - 18*q - 18. Let v be a(-8). What is the tens digit of (16 - g)/(1/v)?
2
Let t = 75 - 70. Suppose 479 = t*n - 546. What is the units digit of -4*((-8)/(-40))/((-2)/n)?
2
Let g(r) = 2*r**2 + 4*r - 3. Suppose -2*b = 2*h - 32, -4*b + 2*h = h - 44. Let c be 5*8/b*(-18)/(-10). What is the tens digit of g(c)?
9
Let z be -2 + 4 + 1 + (-749)/1. Let j = 1697 + z. What is the hundreds digit of j?
9
Let o = 64 - 96. Let s be o/((-20)/(-5))*-21. Suppose 15*w - 13*w - s = 0. What is the units digit of w?
4
Suppose v - 3*u = 8214 + 11208, 0 = -2*v + 5*u + 38850. What is the thousands digit of v?
9
Suppose 8*m + 5*m - 637 = 0. Suppose m = w + 45. What is the units digit of w?
4
Let d(j) = 16*j + 27. Let g be (1*-9)/((-9)/15). What is the units digit of d(g)?
7
Let h = 92743 + -52440. What is the hundreds digit of h?
3
Suppose 11734 - 916 = a + 21*i, 0 = 3*i - 3. What is the tens digit of a?
9
Suppose 2*u + 322 = -570. Let k = u + 993. What is the tens digit of k?